, -194 = -5*b - a. What is the tens digit of b?
3
Let f(s) = -s**2 + 9*s + 15. Let g be f(11). Let y = g + 22. Suppose 4*z = 3*z + y. What is the tens digit of z?
1
Let i(d) = d**2 + d + 2. Let h be i(-4). Let y(j) = j**2 - 15*j + 28. What is the tens digit of y(h)?
1
Suppose -6*f = -3*f + u - 14, -5*f = 3*u - 30. Suppose 0*o + f*o - 24 = 0. What is the units digit of o/(-2) + 176/4?
0
Let p = 23 - 18. Let x(c) = 12*c + 11. Let q be x(p). Suppose -3*y + q = 8. What is the units digit of y?
1
Suppose 1522 = 2*m + 282. Let q = -351 + m. What is the tens digit of q?
6
What is the hundreds digit of 175905/513 - 4/(-38)?
3
Let f be ((-1 - 1) + -1)/((-7)/21). What is the tens digit of (-60)/(12/(-3))*f?
3
Let t(j) = -j**3 + 6*j**2 + 9*j - 10. Let u be t(7). Let p(w) = 12*w - 9. What is the tens digit of p(u)?
3
Let f = 19 + -35. Let h be f/(-3)*93/2. Suppose -h = u - 5*u. What is the units digit of u?
2
What is the tens digit of 1 + (-1)/2 + (-16983)/(-102)?
6
Let k(g) = 4*g - 4 + 1 + 2 - 9. Let u be k(6). Suppose 0*s + b = -3*s + 46, 2*s + 4*b - u = 0. What is the units digit of s?
7
Suppose -11*q + 3*q = -1016. What is the hundreds digit of q?
1
Suppose -4*d + r = 7, 4*r = -5*d + 3*r - 11. Let w be (40/24)/(d/(-6)). Suppose -111 = -3*k - 3*s, -5*k + 121 = -w*s - 14. What is the units digit of k?
2
Let h(y) = -y**2 - 39*y + 135. What is the hundreds digit of h(-27)?
4
Suppose 0 = 3*j - 5*h - 796, -3*j + 2*h = -399 - 409. What is the units digit of j?
2
Let x(t) = -3*t. Let k be x(-1). Suppose -4*r + 184 = 4*f, 0*r + 3*r + k = 0. What is the tens digit of f?
4
Let u(l) = -4*l**2 - 6*l - 6. Let j be u(-5). Let c = 121 + j. What is the units digit of c?
5
Suppose 21 - 529 = -2*z. Let c = z + -133. What is the tens digit of c?
2
Suppose -361 - 347 = -f. Suppose v = -4*g + 728, -4*v - f = -4*g - 0*v. What is the units digit of g?
1
Let q be (-2848)/(-18) - 24/108. Suppose 4*b = 4*y + 116, 4*b - 2*y - q = -38. What is the units digit of b?
1
Let p(f) = 1. Let u(i) = i**2 - 6*i - 12. Let c(y) = -6*p(y) - u(y). Let b(a) be the first derivative of c(a). What is the tens digit of b(-6)?
1
Let f(r) = -57*r**3 - 5*r**2 + 2*r**2 + 2*r**2. Let h be f(1). Let j = h - -96. What is the tens digit of j?
3
Suppose 7*u - 11*u = -588. Suppose u = 51*i - 50*i. What is the units digit of i?
7
Let a = 27 + -21. Suppose a*x - 13 = 5*x. What is the tens digit of x?
1
Suppose 11 = -2*l + 1. Let i be 576/(-20) + 1/l. Let r = 49 + i. What is the tens digit of r?
2
Let x be ((-7)/14)/((-3)/(-762)). Let q = x + 229. What is the tens digit of q?
0
Suppose -5*m - 4*d = -2143 + 195, -5*d + 1174 = 3*m. What is the hundreds digit of m?
3
Suppose a = -2*a - a. Suppose 7*k - 211 - 713 = a. What is the hundreds digit of k?
1
Suppose 7 = 2*x - 5*i + 16, -2*i = -2. Let u be 4/x*(-10 + -1). What is the tens digit of u*(-2)/8*-2?
1
Let f = 1225 + 15. What is the thousands digit of f?
1
Let r = -445 + 1921. What is the thousands digit of r?
1
Suppose 3*v = -2*i - 3*i + 66, -v = -4*i + 46. Suppose -i*f = -139 - 365. What is the tens digit of f?
4
What is the hundreds digit of (-685)/((63/21)/(1 - 4))?
6
What is the tens digit of -1*2 - 40/(-8) - -133?
3
Let j be (-11)/(-66) - 29/(-6). Let b be 159/j - 14/(-70). Suppose b = -p + 5*p. What is the units digit of p?
8
Let r = 6965 - 3503. What is the hundreds digit of r?
4
Suppose 4*k + z = -0*k + 16, 2*k = 4*z + 26. Suppose -k*o + 2*o - 4*y + 89 = 0, 5*o = -y + 120. What is the tens digit of o?
2
Let u(r) = -r**3 + 25*r**2 + 47. What is the units digit of u(24)?
3
Let h(s) = 25*s**2 - 23*s + 70. What is the tens digit of h(9)?
8
Suppose 3*s = -4*f, -s + 2*f = -3*s. Suppose 6*b + 158 - 680 = s. What is the units digit of b?
7
Let p be (-426)/(-21) - (-8)/(-28). Let y be 112/p - (-2)/5. Suppose y*q = q + 130. What is the units digit of q?
6
Suppose -5*j + 7*s = 6*s - 2141, 5*j = 4*s + 2129. What is the hundreds digit of j?
4
Let k(z) = z**3 - 67*z**2 + 67*z + 73. What is the hundreds digit of k(66)?
1
Suppose -4*y = -5*c + 3*c + 14, -c + 4*y = -11. Suppose 7 + 12 = 2*d + c*k, -d = -5*k + 10. What is the units digit of d?
5
Let l = 2433 - 1704. Let v be (-2)/(-7) + l/21. What is the tens digit of (-328)/(-14) + (-15)/v?
2
Suppose 4*u - 461 + 1533 = 0. Let a = u - -419. What is the tens digit of a?
5
Let g = -1166 - -1809. What is the hundreds digit of g?
6
What is the hundreds digit of (-5640)/(-75)*(6 - 1) - 3?
3
Let m(k) = 3*k**2 + 2*k + 30. What is the tens digit of m(-6)?
2
Suppose 4*p = 7*p - 9. Suppose -4*x = 5*z - 495, -3*z = p*x - 368 - 1. What is the tens digit of x?
2
Suppose 3*d = -3*o - 24, 4*d - d - 3*o = 6. Let g be (-6 + 0)*1/4*-2. What is the tens digit of 25 + d + 12/g?
2
Let h be (5 + -1)/((-2)/(-1)). Suppose -2*b = -3*x - 197, -5*b - h*x + 192 = -3*b. What is the units digit of b?
7
Let u be (2 - (-20)/(-12))*3. Let r be -2 + (u - 1) + 63. Suppose -3*w = 5*a - r, -5*w + 139 = 3*a - 4*a. What is the tens digit of w?
2
Let l = 47 - 51. Let n(c) be the third derivative of c**5/30 + c**4/6 - 5*c**3/6 - c**2. What is the tens digit of n(l)?
1
Suppose -6*l = -10*l + 144. What is the units digit of l?
6
Let t = -14 - -8. Let z be 99/t*(-10)/3. Let f = 15 + z. What is the tens digit of f?
7
Suppose -f - 4*f = -3*y + 38, y + f = 10. Suppose 139 = b - y. What is the units digit of b?
0
Let p = 46 - 28. Let z(a) = 4*a + 4. What is the tens digit of z(p)?
7
Let t be (-1)/(-2) - 53/(-2). Let y(l) = -4*l + t + 0*l**2 + 0*l**3 - l**2 + 3*l + l**3. What is the units digit of y(0)?
7
Suppose -3*t + 575 - 2 = 0. Let w = -65 + t. What is the tens digit of w?
2
Let m(a) = -a. Let c be m(-2). Suppose 0 = -2*i - 5*z + 228, 0 = -4*i + 9*i + c*z - 549. What is the tens digit of i?
0
Suppose -5*m - 2*v + v = -5, 10 = -2*v. Let p be m/4*60/6. Suppose -5*r + 70 = -g - 0*g, -3*g + 70 = p*r. What is the units digit of r?
4
Suppose -105*n = -104*n - 573. What is the hundreds digit of n?
5
Suppose -4*o = -9*o + 3895. What is the units digit of o?
9
Suppose -u + 4*u - 3 = 0. What is the tens digit of (u - -1)*((-1)/(-1) - -8)?
1
Suppose -2*o + 4*t + 886 = 0, -o + t + 537 - 95 = 0. What is the tens digit of o?
4
Suppose 358 = -20*x + 11198. What is the units digit of x?
2
Let f(z) = 4*z - 7. Let v be f(3). Suppose -2*t + v = 3*t. Let g(p) = 25*p**2 - p + 1. What is the tens digit of g(t)?
2
What is the tens digit of (-252 + (-13 - -7))*(0 - 4)?
3
Suppose 5*s + 22 - 77 = 0. Let z = s + -10. Let n(r) = 21*r. What is the tens digit of n(z)?
2
Let k(o) = 2*o + 7. Let v be k(-5). Let x be (-30)/(-25)*10/v. What is the tens digit of x*(-2 + 15/(-6))?
1
Suppose 530 = -2*p - 3*f + 1651, 3*p - 2*f = 1714. What is the hundreds digit of p?
5
Let m = -445 - -1360. What is the hundreds digit of m?
9
Suppose -9*x + 6*x + 6 = -b, 5*b - 27 = -4*x. Suppose 3*q + 3*w - 618 = 0, w - 2*w - 614 = -b*q. What is the tens digit of q?
0
Suppose 0*y + 4 = 2*y. Suppose -d + 5*d = -3*a - 33, y*d + 24 = -2*a. Let b = a + 41. What is the tens digit of b?
2
Let p be 3*-2*2/(-3). Suppose 3*l + 2 = -p*g + 8*g, -g - 3*l = -8. Suppose 92 = g*d - 38. What is the tens digit of d?
6
Let f(a) = 9*a**2 + 6*a + 15. Let w(z) = -8*z**2 - 6*z - 14. Let s(u) = -6*f(u) - 7*w(u). Let x be s(-4). Let r = x - 9. What is the units digit of r?
7
Let q be (-6)/(-12) - 3/(-2). Suppose -2*v + 299 = q*s + 3*s, s = -3*v + 65. What is the tens digit of s?
5
Let q(g) be the third derivative of g**4/12 - g**2. Let n be q(3). What is the units digit of n*(15/(-6) + 3)?
3
Let y(z) = -z**3 + 6*z**2 - 2*z - 1. Let f be 112/32 + (-2)/4. Suppose 3*t = v + 14, -3*t = 2*t - f*v - 26. What is the tens digit of y(t)?
2
Suppose 0 = -5*k + 6*t + 25202, k - 6343 = 2*t - 1301. What is the tens digit of k?
3
Let g = -98 - 6. Let p = g + 177. What is the tens digit of p?
7
Let x(d) be the second derivative of d**7/60 + d**5/120 - d**4/24 - 11*d**3/6 - d. Let r(f) be the second derivative of x(f). What is the units digit of r(1)?
4
Suppose 18*n - 10*n - 1808 = 0. Suppose 5*l + 3*b = n, 0 = 3*l - 4*b - 37 - 87. What is the tens digit of l?
4
Let p(s) = -2*s**2 + 6*s + 3. Let q be p(-3). Let a be (-1)/(-4) + q/(-12). Let g = 33 - a. What is the tens digit of g?
3
Let v(n) = n + 22. Let o be v(-9). Let g(p) = p**3 - 13*p**2 + p - 30. 